*h - a = -3*q. Is q composite?
True
Suppose -9*o - 111 = 78. Let l = 1990 + o. Is l a composite number?
True
Is 643938/(-15)*295/(-118) prime?
True
Let y(w) = 5149*w**3 - 3*w**2 + 4*w - 3. Is y(1) a composite number?
False
Suppose 1619548 = 48*k - 629396. Is k composite?
False
Is (2 + (-4)/(0 + 4))/(1/442733) a composite number?
False
Let g(i) = -i**3 - 7*i**2 - i - 5. Let q be g(-7). Suppose 14449 = q*n - 2797. Is n prime?
True
Let l(j) = 33*j**2 + j + 9. Let t = -160 - -105. Let w = 58 + t. Is l(w) a composite number?
True
Suppose -4*h + 12 = 0, h = -4*r + 3*r + 33. Let x = r - 28. Suppose -c + 206 = -5*l, x*c - 800 = -2*c - 4*l. Is c a prime number?
False
Let v = -27206 - -53355. Is v composite?
True
Let v(h) = 65641*h**2 + 269*h + 541. Is v(-2) composite?
False
Let b = 7818 + -5054. Let f = b + -1365. Is f a prime number?
True
Let i(l) = -l + 7*l + 28 + 69*l**2 + 12*l. Is i(9) a composite number?
False
Let k(p) = -6*p + 95. Let m be k(13). Suppose -m*x = -24302 + 9393. Is x a composite number?
False
Suppose n + 33087 = 7*g - 6*g, 0 = 3*g + 3*n - 99237. Is g a composite number?
False
Suppose -38*d = -16*d - 15*d - 3861557. Is d a composite number?
False
Suppose -2*j + i - 4*i + 91130 = 0, 45565 = j - i. Suppose 158*z - j = 153*z. Is z a composite number?
True
Suppose 4*b - 2*m + 5 - 29 = 0, -4*b - 5*m = -10. Suppose b*w + 5*u = 9080 + 25955, 3*w - u - 21029 = 0. Let c = w - 3462. Is c prime?
True
Let j = -60454 + 241071. Is j prime?
True
Suppose 512 = -7*m - 55. Let c = m - -85. Suppose 7568 = c*b - 3*q, -b - 2*q + 1640 = -263. Is b a prime number?
False
Let c = -29 + 34. Suppose 8 = 4*n + 2*j, -9 = -c*n - 0*j - 3*j. Is (-1)/n*-3*97 a composite number?
False
Let n be (45213/28)/(-3 - 81/(-24)). Let q = -1803 + n. Is q a composite number?
False
Let d(q) = -q**2 - 3*q + 26. Let v be d(4). Is (-1)/(((-16)/41578)/v)*-4 prime?
True
Suppose 14 + 56 = 10*a. Is 604 - 59 - (a + 0) a prime number?
False
Let t(l) be the second derivative of -4708*l**3/3 + 7*l**2/2 - 28*l. Is t(-2) a prime number?
True
Is (8/2*-2 + 49/7)*-1054013 prime?
True
Let p(r) = -7330*r**3 - 153*r**2 + 3*r - 11. Is p(-4) composite?
False
Let j be 5 + (3 - (12 + -4 + -4)). Let l = 31 + 10. Suppose -v + l + 596 = -2*u, j*u = -4. Is v a composite number?
True
Is 109/(-15*(-14)/3570) composite?
True
Let m be -27 + 30 - 1*3. Suppose m = 412*o - 407*o - 19225. Is o composite?
True
Suppose -600*m + 91231 = -599*m + 3*d, 18 = 3*d. Is m a prime number?
False
Suppose 28*n + 9117234 = 28611926. Is n composite?
False
Let h be 7*12/(-9)*9/(-6). Is (-18578)/(-20) - h/(-140) a prime number?
True
Let g(t) be the first derivative of 7*t**3/3 + 5*t**2 - 4*t - 7. Let y(c) = -4*c - 17. Let s be y(-6). Is g(s) composite?
False
Suppose -335277 = -3*x - 2*y, 4*x + 223*y = 224*y + 447047. Is x prime?
False
Let k(t) = -3 - 6 - 1066*t - 6 + 8. Is k(-1) a composite number?
True
Suppose 8589 + 17055 = 3*z. Let j = z + -5099. Is j composite?
False
Suppose a = -a + 32. Suppose -a*j + 5 = -11*j. Let i(l) = 2578*l**2 - 2*l + 3. Is i(j) prime?
True
Let t be (5 - (-64)/(-12))/(1/(-11247)). Suppose -4*z = u - t, 0 = u + 7*z - 10*z - 3728. Is u a composite number?
True
Let d be (0 - (2 + -3))/(2/4). Suppose d*r - 6*r = -12. Is (5 + -3 - r)*(-119 - 0) prime?
False
Let v(o) = -7*o + 38*o**2 - 7*o - 7*o + 32*o**2 + 13*o - 17. Is v(-18) a composite number?
False
Let o = -11364 - -25675. Is o prime?
False
Suppose 163*n - 10756618 = 3159181. Is n a prime number?
False
Let q(g) be the second derivative of 15*g + 1/4*g**4 + 0 - 8/3*g**3 + 29/2*g**2. Is q(16) a composite number?
False
Suppose -4*t = -983 - 10145. Let i(q) = 955*q - 3749. Let v be i(10). Suppose 3*r - v - t = 0. Is r a composite number?
False
Let r(l) = -62*l + 106*l - 81*l - 43 - l**2. Is r(-24) a prime number?
True
Suppose 8*z + 71242 = 17346. Let g = -4324 - z. Is g prime?
False
Let l(x) = x - 7. Let q(k) = -k**2 + 15*k + 12. Let u be q(15). Let n be l(u). Suppose -n*h - 5*o - 614 = -7*h, -5*o - 1248 = -4*h. Is h composite?
False
Suppose 20*l - 21*l - 3613 = 0. Let c = l + 5180. Is c a composite number?
False
Let b be 1 - (4 + 19255/(-10)*8). Let p = -10723 + b. Is p prime?
False
Suppose -3073116 = -1436*l + 1424*l. Is l a composite number?
False
Let w be (-114)/4 + ((-33)/(-6))/11. Let j be ((-1323)/w)/((-2)/(-16)). Let f = 580 - j. Is f a composite number?
True
Let w(s) = 1958*s - 2233. Is w(34) a prime number?
False
Let s be 6*822/(-4)*-1. Suppose -4*p - 26163 = -5*z, -3*z + 6503 + 9208 = 2*p. Suppose 6*o + s = z. Is o a composite number?
True
Suppose -4*n + 4881688 = -4*z, 13*z + 6102117 = 5*n + 15*z. Is n prime?
True
Let q(j) = 109*j - 40. Let v be q(20). Suppose -5*r + k + 7805 = 0, 2*r + 2*k - v = 982. Is r a prime number?
False
Let r = 9368 + -4559. Let h(v) = -12*v**3 + 12*v**2 - 23*v + 2. Let p be h(6). Let o = p + r. Is o prime?
False
Let y(z) = -1073*z - 4. Let q be y(-1). Suppose -2*o + 3*o - 4*b - 1069 = 0, -o + 5*b = -q. Is (-18)/(-81) - o/(-9) a composite number?
True
Suppose 69 = 5*y - 21. Let h = y - 19. Is 1*(3 - h) - -1645 a composite number?
True
Let l be ((-10)/(-4))/1*2. Suppose 2*r + 37711 = 5*c, -c - 3*c + l*r = -30162. Is c composite?
True
Let d(r) = 4467*r + 4. Suppose -2*k + 4*y + 10 = 0, 6*k - 3*k + 3*y + 12 = 0. Let l be d(k). Let f = 7854 + l. Is f a prime number?
True
Let q = 528 + 1919. Is q a prime number?
True
Let d = 2019922 + -1430635. Is d composite?
True
Let g(h) = h**3 + 2*h**2 - 2*h + 55635. Let p be g(0). Suppose p - 11353 = 14*w. Is w a prime number?
True
Suppose 0 = 17*o - 4433546 - 1958942 - 4801111. Is o composite?
False
Suppose 5*z = -4*g + 700535, 10*z - 8*z - 280247 = 5*g. Is z prime?
True
Suppose 0 = -2*q - 5*m + 50, 5*q - m = -5*m + 159. Is 11260/q*14/4 composite?
True
Let w(l) = l - 6. Let j be w(9). Suppose -g - 178 = -3*g - j*v, 103 = g + 5*v. Is g prime?
True
Suppose -2*q + 217 = g, -4*g = -0*g + 3*q - 858. Is (0 - g/6)*(4 + -6) composite?
False
Let i(v) = -v**3 - 19*v**2 - 10*v + 3. Let w be i(-18). Let g = 155 + w. Is g composite?
True
Let d = -224281 - -320942. Is d a prime number?
True
Let b be (6/(-7))/((-5)/(-35)). Let y be (-9 - b)*4/(-4). Suppose 4*n + 3*t - 2920 = 0, -2*t + y*t + 737 = n. Is n composite?
False
Let t = 71313 - 23194. Is t a prime number?
True
Suppose 0 = -166*l + 163*l + 264855. Is l a prime number?
False
Is 5710873/49 + 12/(-126) + (-20)/(-30) a composite number?
False
Suppose 5*t = 4*t + 2, -5*t = 4*r + 45362. Let o = r + 19031. Suppose o = 10*u + 1098. Is u a prime number?
True
Suppose -4*q + 123 = 3*p, 3*p = 5*p + 3*q - 83. Let a = 20 - p. Let l = a - -151. Is l prime?
False
Let p(f) = 2*f**2 - 27*f + 578. Is p(11) prime?
True
Suppose -862*w - 646965 = -907*w. Is w a composite number?
True
Let m(c) = -7*c**3 - c**2 + 5*c + 22. Let z be m(-6). Let h = z + -806. Is h composite?
True
Suppose -57*x + 6020219 - 820052 = 0. Is x composite?
True
Let b = 3562 - -5543. Let v = b + -5720. Is v composite?
True
Suppose 400964 = 4*o + 4*c, 200486 = 2*o - 5*c + 8*c. Is o composite?
False
Let q = -19 - -20. Let a(g) = -g**2 + 2*g - 1. Let d be a(q). Suppose -4*t - 4*k + 1996 = 0, 2*t = -d*t + 2*k + 1014. Is t composite?
False
Suppose 470141 = 3*x - 4*s, 23*x - 24*x - 5*s + 156739 = 0. Is x a prime number?
True
Suppose -3*a = -22 + 10. Let h = 10 - a. Suppose 2*o + 572 = h*o. Is o a composite number?
True
Suppose -3*q - 19 = -7. Let b be (-432)/(-1 - q/(-8)). Let t = b - 103. Is t a composite number?
True
Let o(u) be the second derivative of -9*u**5/5 - 5*u**4/6 + 4*u**3/3 - 11*u**2/2 - 56*u. Is o(-7) prime?
False
Let m(t) = t**3 - 2*t**2 + t. Let w be m(2). Is (10264/4)/(w/1) prime?
True
Is (2346650/(-75))/((-4)/(-2 - -14)) a composite number?
True
Suppose 9*k + 2 = 8*k, -p + 4*k + 12837 = 0. Is p prime?
True
Is 650810/4 + (2 - -8*(-48)/256) a composite number?
False
Let f = 305925 + -166068. Is f a prime number?
False
Is 109*16/(-32)*-5342 a composite number?
True
Suppose 40*c - 54*c + 112 = 0. Let x(y) = 2438*y + 43. Is x(c) prime?
False
Let i(h) = -3*h**3 - 7*h**2 - 3*h - 4. Let p be i(-5). Let s = 763 - 760. Suppose 3*l - 590 = -s*y + 43, l + 3*y = p. Is l a prime number?
True
Let q(u) be the third derivative of 175*u**4/12 - u**3/6 + 2*u**2. Let c(r) = 251*r - 248. Let l be c(